{"id":43,"date":"2025-12-09T03:09:24","date_gmt":"2025-12-09T03:09:24","guid":{"rendered":"https:\/\/lib.tbdtvsvc.edu.vn\/?page_id=43"},"modified":"2025-12-09T03:54:43","modified_gmt":"2025-12-09T03:54:43","slug":"chuong-trinh-dao-tao","status":"publish","type":"page","link":"https:\/\/lib.tbdtvsvc.edu.vn\/index.php\/chuong-trinh-dao-tao\/","title":{"rendered":"Ch\u01b0\u01a1ng tr\u00ecnh \u0111\u00e0o t\u1ea1o"},"content":{"rendered":"\n<iframe src=\"https:\/\/drive.google.com\/embeddedfolderview?id=1kJHu-0KREPYH6IGPQmRCUHPG-YdmBpTw#list\" style=\"width:100%; height:600px; border:0;\"><\/iframe>\n","protected":false},"excerpt":{"rendered":"","protected":false},"author":1,"featured_media":0,"parent":0,"menu_order":0,"comment_status":"closed","ping_status":"closed","template":"","meta":{"footnotes":""},"class_list":["post-43","page","type-page","status-publish","hentry"],"_links":{"self":[{"href":"https:\/\/lib.tbdtvsvc.edu.vn\/index.php\/wp-json\/wp\/v2\/pages\/43","targetHints":{"allow":["GET"]}}],"collection":[{"href":"https:\/\/lib.tbdtvsvc.edu.vn\/index.php\/wp-json\/wp\/v2\/pages"}],"about":[{"href":"https:\/\/lib.tbdtvsvc.edu.vn\/index.php\/wp-json\/wp\/v2\/types\/page"}],"author":[{"embeddable":true,"href":"https:\/\/lib.tbdtvsvc.edu.vn\/index.php\/wp-json\/wp\/v2\/users\/1"}],"replies":[{"embeddable":true,"href":"https:\/\/lib.tbdtvsvc.edu.vn\/index.php\/wp-json\/wp\/v2\/comments?post=43"}],"version-history":[{"count":3,"href":"https:\/\/lib.tbdtvsvc.edu.vn\/index.php\/wp-json\/wp\/v2\/pages\/43\/revisions"}],"predecessor-version":[{"id":74,"href":"https:\/\/lib.tbdtvsvc.edu.vn\/index.php\/wp-json\/wp\/v2\/pages\/43\/revisions\/74"}],"wp:attachment":[{"href":"https:\/\/lib.tbdtvsvc.edu.vn\/index.php\/wp-json\/wp\/v2\/media?parent=43"}],"curies":[{"name":"wp","href":"https:\/\/api.w.org\/{rel}","templated":true}]}}